ctor of 28702 and 4064?
254
Calculate the greatest common factor of 108773 and 287.
287
What is the greatest common factor of 696 and 6144?
24
Calculate the greatest common divisor of 707 and 17129.
7
Calculate the highest common divisor of 10 and 4.
2
What is the greatest common factor of 418 and 11913?
209
What is the highest common divisor of 67195 and 890?
445
What is the highest common divisor of 2314 and 7462?
26
Calculate the greatest common divisor of 40 and 4330.
10
Calculate the greatest common divisor of 6452 and 1336.
4
Calculate the highest common factor of 1538 and 1797153.
769
Calculate the greatest common factor of 45068 and 114.
38
Calculate the highest common factor of 28223 and 167.
167
Calculate the highest common factor of 7770 and 42420.
210
What is the greatest common divisor of 14508 and 208?
52
What is the highest common divisor of 50 and 158825?
25
Calculate the greatest common divisor of 154588 and 42.
14
Calculate the greatest common factor of 84 and 574.
14
What is the greatest common factor of 4412 and 1772?
4
What is the highest common factor of 48 and 272?
16
What is the greatest common divisor of 882 and 187572?
294
Calculate the highest common divisor of 26304 and 168.
24
Calculate the highest common factor of 322 and 625968.
322
What is the greatest common factor of 2029629 and 441?
147
What is the highest common factor of 1869 and 27909?
21
What is the highest common divisor of 1064819 and 1402?
701
Calculate the highest common divisor of 93681 and 11844.
63
What is the greatest common divisor of 16512 and 59082?
258
What is the greatest common factor of 280 and 381976?
56
What is the greatest common divisor of 420 and 4844?
28
What is the greatest common factor of 105 and 47103?
21
Calculate the highest common factor of 98085 and 390.
195
Calculate the greatest common factor of 128 and 2524.
4
What is the greatest common divisor of 13559 and 16837?
149
What is the highest common divisor of 39094760 and 40?
40
Calculate the highest common divisor of 16132 and 78292.
148
Calculate the greatest common factor of 322 and 4167002.
322
What is the highest common divisor of 18 and 396972?
18
What is the highest common factor of 541 and 1048?
1
Calculate the highest common factor of 1984 and 44144.
496
Calculate the greatest common divisor of 127759 and 11707.
509
What is the greatest common factor of 1484 and 8533?
371
Calculate the highest common divisor of 900257 and 291.
97
Calculate the greatest common divisor of 1018 and 76859.
509
What is the greatest common factor of 5133344 and 16?
16
What is the greatest common factor of 117 and 207948?
39
What is the greatest common divisor of 47265 and 345?
345
Calculate the highest common divisor of 913 and 109054.
11
What is the highest common divisor of 141 and 36002?
47
What is the highest common divisor of 32 and 302272?
32
What is the highest common factor of 1696 and 25228?
212
Calculate the highest common divisor of 4762 and 12.
2
Calculate the greatest common divisor of 440 and 10965.
5
What is the highest common divisor of 578 and 11424?
34
Calculate the greatest common divisor of 27648 and 858.
6
Calculate the highest common divisor of 6768 and 13968.
144
What is the highest common divisor of 132037 and 13031?
157
Calculate the greatest common divisor of 1128 and 87232.
376
Calculate the highest common factor of 15471 and 25021.
191
Calculate the highest common factor of 426 and 395754.
426
Calculate the greatest common factor of 124108 and 152.
76
What is the highest common factor of 23 and 29?
1
Calculate the highest common divisor of 20 and 3632.
4
Calculate the greatest common divisor of 76403 and 2.
1
What is the greatest common divisor of 1995 and 832580?
665
What is the greatest common divisor of 4331145 and 910?
455
What is the greatest common factor of 3405 and 30?
15
What is the greatest common divisor of 94134 and 116?
58
What is the greatest common divisor of 191 and 31897?
191
What is the highest common factor of 1208 and 91355?
151
What is the greatest common divisor of 2967324 and 428?
428
Calculate the greatest common divisor of 1292 and 43316.
68
What is the highest common factor of 2 and 12869?
1
Calculate the highest common divisor of 330 and 429660.
330
Calculate the greatest common factor of 164 and 1030453.
41
What is the greatest common divisor of 158 and 30731?
79
What is the greatest common divisor of 61 and 80947?
61
What is the highest common factor of 1666592 and 320?
32
Calculate the highest common divisor of 29 and 41470.
29
Calculate the highest common divisor of 3069804 and 2792.
1396
What is the highest common divisor of 15 and 15310?
5
What is the highest common factor of 8 and 2514?
2
What is the highest common factor of 30162 and 5874?
66
Calculate the greatest common factor of 18867 and 7923.
57
What is the greatest common divisor of 6 and 17190?
6
Calculate the highest common divisor of 391112 and 4.
4
What is the greatest common divisor of 74 and 1184?
74
Calculate the greatest common factor of 564 and 47868.
12
What is the greatest common factor of 248 and 795491?
31
What is the greatest common factor of 1266895 and 20?
5
What is the greatest common divisor of 7735 and 9919?
91
What is the greatest common factor of 133 and 28747?
19
What is the greatest common factor of 1194 and 204?
6
Calculate the greatest common factor of 1947 and 242077.
649
What is the highest common factor of 7335 and 57865?
815
What is the highest common divisor of 33740 and 252?
28
Calculate the greatest common divisor of 10525 and 425.
25
What is the greatest common divisor of 29987 and 191?
191
What is the highest common divisor of 750 and 423300?
150
What is the greatest common factor of 64512 and 574?
14
What is the greatest common divisor of 5831 and 15435?
343
What is the greatest common factor of 3312 and 2070?
414
What is the greatest common factor of 125 and 560?
5
What is the highest common divisor of 45 and 22060?
5
What is the greatest common divisor of 19512 and 360?
72
What is the greatest common factor of 432250 and 275?
25
What is the highest common divisor of 134 and 228738?
134
What is the highest common divisor of 1376792 and 1808?
904
Calculate the highest common divisor of 29 and 10469.
29
Calculate the highest common divisor of 528 and 605264.
176
Calculate the greatest common factor of 30665 and 23.
1
Calculate the greatest common divisor of 23701 and 1507.
137
What is the greatest common divisor of 34661 and 253?
253
Calculate the greatest common divisor of 28 and 230622.
14
What is the highest common divisor of 2735532 and 18?
18
Calculate the greatest common factor of 4056240 and 180.
60
What is the highest common divisor of 43985 and 190?
95
Calculate the greatest common divisor of 204 and 3356106.
102
Calculate the highest common divisor of 55 and 1232.
11
What is the greatest common divisor of 2365 and 12815?
55
Calculate the greatest common factor of 66 and 93181.
11
Calculate the greatest common factor of 18189 and 4687.
43
What is the highest common divisor of 8080 and 80?
80
What is the greatest common factor of 200 and 67700?
100
Calculate the greatest common divisor of 24 and 100086.
6
What is the highest common divisor of 6626935 and 2030?
1015
Calculate the greatest common divisor of 6307 and 9805.
53
Calculate the highest common divisor of 149380 and 252.
28
What is the highest common divisor of 201 and 965604?
201
What is the greatest common factor of 2032 and 803656?
1016
Calculate the highest common divisor of 9061 and 9503.
221
Calculate the highest common factor of 105 and 256130.
35
Calculate the highest common divisor of 336 and 5964.
84
What is the greatest common divisor of 67422 and 2346?
102
What is the greatest common divisor of 60680 and 2590?
370
Calculate the highest common divisor of 5395 and 390.
65
What is the highest common factor of 27004 and 31476?
172
Calculate the highest common factor of 4 and 60226.
2
What is the greatest common factor of 85 and 320365?
85
What is the greatest common divisor of 756 and 4305798?
378
Calculate the greatest common divisor of 117 and 96057.
117
What is the greatest common factor of 2006 and 153?
17
What is the highest common factor of 52 and 2129374?